mon factor of 1208 and 40?
8
What is the highest common divisor of 476 and 49266?
238
What is the greatest common divisor of 352490 and 404?
202
What is the highest common divisor of 119 and 47243?
119
Calculate the highest common factor of 43561 and 133.
7
What is the highest common factor of 42438 and 462?
66
Calculate the greatest common factor of 13 and 240773.
13
Calculate the highest common divisor of 85131 and 45.
9
What is the highest common factor of 16081 and 195?
13
Calculate the highest common factor of 891299 and 164.
41
What is the greatest common divisor of 15 and 806415?
15
Calculate the highest common factor of 126 and 306789.
21
What is the highest common factor of 545 and 38477?
109
What is the highest common divisor of 1 and 7205?
1
What is the greatest common divisor of 153 and 340102?
17
What is the highest common factor of 23807 and 4522?
133
What is the highest common factor of 1717 and 17?
17
What is the highest common divisor of 3174 and 138?
138
What is the greatest common factor of 147675 and 33?
33
What is the greatest common factor of 20 and 11390?
10
Calculate the greatest common factor of 702 and 211848.
78
Calculate the greatest common factor of 113906 and 2696.
674
Calculate the greatest common divisor of 28 and 1487066.
14
What is the highest common divisor of 1767798 and 18?
18
What is the greatest common divisor of 111 and 6716499?
111
What is the highest common divisor of 282086 and 182?
14
Calculate the highest common factor of 55 and 3650.
5
What is the highest common factor of 149 and 537443?
149
Calculate the highest common factor of 42 and 73941.
21
Calculate the greatest common divisor of 15626 and 4.
2
Calculate the greatest common divisor of 706372 and 411.
137
Calculate the greatest common divisor of 79480 and 640.
40
Calculate the greatest common divisor of 38911 and 6058.
233
Calculate the greatest common divisor of 869 and 528.
11
What is the greatest common factor of 4818138 and 277?
277
What is the highest common factor of 532 and 22078?
266
What is the greatest common factor of 19746 and 270?
18
Calculate the greatest common divisor of 37995 and 1275.
255
Calculate the highest common factor of 11940 and 45.
15
What is the greatest common divisor of 2089605 and 21?
21
What is the greatest common divisor of 118712 and 3834?
142
What is the highest common factor of 11936 and 8579?
373
What is the highest common divisor of 6467 and 87?
29
Calculate the highest common factor of 3474 and 111747.
579
Calculate the highest common factor of 10825 and 200.
25
What is the highest common divisor of 238308 and 84?
84
Calculate the greatest common factor of 1633 and 5497.
23
What is the greatest common factor of 86152 and 2156?
44
What is the highest common factor of 53916 and 12?
12
Calculate the greatest common divisor of 548739 and 171.
171
Calculate the greatest common divisor of 22 and 58442.
2
What is the greatest common divisor of 40 and 230930?
10
Calculate the highest common divisor of 33 and 95799.
33
What is the highest common factor of 24057 and 726?
33
Calculate the highest common divisor of 8 and 45868.
4
What is the greatest common factor of 1848 and 2813118?
462
What is the highest common divisor of 279 and 4433?
31
Calculate the greatest common factor of 857259 and 153.
153
Calculate the greatest common divisor of 3936 and 804.
12
Calculate the highest common factor of 51546 and 198.
66
Calculate the highest common divisor of 6294 and 1157047.
1049
Calculate the greatest common factor of 1160 and 44840.
40
Calculate the greatest common divisor of 27874 and 308.
154
Calculate the highest common divisor of 246 and 432.
6
Calculate the highest common divisor of 345 and 1050.
15
What is the greatest common divisor of 300 and 1782700?
100
What is the highest common divisor of 2704 and 30966?
26
What is the greatest common divisor of 14202 and 792156?
1578
Calculate the greatest common factor of 129179 and 202.
101
What is the greatest common factor of 1416 and 373293?
177
Calculate the highest common factor of 4226079 and 99.
33
What is the highest common divisor of 412231 and 365?
73
Calculate the highest common factor of 34884 and 304.
76
Calculate the highest common divisor of 441 and 13083.
147
What is the greatest common factor of 46 and 149822?
46
What is the highest common factor of 84 and 111156?
12
Calculate the highest common divisor of 4 and 39268.
4
Calculate the highest common divisor of 37060 and 44908.
436
Calculate the highest common factor of 63 and 157419.
9
Calculate the highest common divisor of 364 and 7028.
28
Calculate the highest common divisor of 54 and 75510.
18
What is the greatest common divisor of 2156 and 3332?
196
What is the highest common factor of 140514 and 286?
22
Calculate the greatest common divisor of 62547 and 51.
3
Calculate the highest common factor of 413 and 21644.
7
Calculate the greatest common divisor of 90054 and 30.
6
Calculate the highest common divisor of 62012 and 1628.
148
Calculate the highest common factor of 296 and 97532.
148
Calculate the highest common divisor of 6636 and 6804.
84
What is the highest common factor of 100071 and 9?
9
Calculate the greatest common divisor of 536 and 14338.
134
Calculate the greatest common divisor of 664635 and 6195.
885
What is the highest common factor of 3762 and 1824?
114
Calculate the highest common factor of 63 and 197766.
9
Calculate the highest common factor of 39149 and 803.
11
Calculate the greatest common divisor of 185 and 1685.
5
Calculate the highest common divisor of 3200 and 165350.
50
What is the greatest common factor of 17788 and 36?
4
Calculate the greatest common factor of 304 and 226062.
38
What is the highest common factor of 96 and 69744?
48
What is the highest common divisor of 1782 and 20295?
99
Calculate the highest common factor of 705680 and 88.
8
Calculate the highest common divisor of 75144 and 1488.
744
What is the greatest common divisor of 2332 and 1096623?
583
What is the greatest common divisor of 352 and 115840?
32
What is the greatest common divisor of 355 and 165785?
355
What is the highest common divisor of 60 and 384495?
15
Calculate the highest common factor of 481 and 971737.
13
Calculate the highest common divisor of 354 and 102306.
354
Calculate the highest common factor of 43 and 781267.
43
Calculate the greatest common factor of 806 and 1798.
62
What is the highest common factor of 2556 and 294?
6
Calculate the highest common factor of 608 and 11476.
76
What is the highest common divisor of 82740 and 1316?
28
What is the greatest common divisor of 12 and 122028?
12
What is the highest common divisor of 19698 and 11926?
134
What is the highest common divisor of 5917784 and 8?
8
Calculate the greatest common factor of 75 and 856475.
25
Calculate the greatest common divisor of 137558 and 327.
109
What is the highest common factor of 22 and 5623629?
11
Calculate the greatest common divisor of 627 and 266.
19
What is the highest common divisor of 540 and 36396?
108
Calculate the greatest common factor of 3904 and 2752.
64
What is the highest common divisor of 285 and 267?
3
Calculate the greatest common divisor of 38 and 174686.
38
What is the greatest common divisor of 2448 and 32688?
144
What is the greatest common factor of 32682 and 156?
78
Calculate the highest common factor of 47904 and 192.
96
Calculate the highest common factor of 271 and 1786161.
271
Calculate the highest common divisor of 504 and 4512060.
252
Calculate the highest common divisor of 31896 and 72.
72
Calculate the greatest common divisor of 151407 and 18.
9
Calculate the greatest common divisor of 324487 and 262.
131
What is the highest common divisor of 81 and 208899?
81
Calculate the highest common factor of 2890 and 31230.
10
Calculate the greatest common factor of 154323 and 117.
117
What is the highest common factor of 220 and 2403720?
220
What is the highest common factor of 100796 and 38?
2
What is the highest common factor of 14312 and 40?
8
What is the greatest common divisor of 16 and 17378?
2
Calculate the greatest common factor of 7097 and 3478.
47
What is the greatest common divisor of 727785 and 3645?
1215
What is the highest common factor of 93 and 38967?
93
Calculate 